5029351 composite?
True
Is 308213 a composite number?
False
Is 137281633 a composite number?
False
Is 17068229 prime?
True
Is 4779337 prime?
True
Is 500884565 a prime number?
False
Is 3635239 a prime number?
True
Is 4832605 a prime number?
False
Is 2487167 a composite number?
False
Is 91749631 prime?
True
Is 4284551 prime?
True
Is 10293233 a prime number?
False
Is 1790981 a prime number?
False
Is 37572907 a prime number?
False
Is 4237301 composite?
True
Is 12090667 a prime number?
True
Is 76974407 a composite number?
False
Is 7155917 a prime number?
True
Is 4435159 composite?
True
Is 83537 composite?
False
Is 17421847 composite?
True
Is 1958711 composite?
False
Is 48691619 prime?
False
Is 7532809 a prime number?
False
Is 50962397 prime?
False
Is 2572513 prime?
True
Is 84007111 a prime number?
False
Is 51924541 a prime number?
True
Is 137394277 prime?
True
Is 1237937 composite?
True
Is 22871063 composite?
False
Is 9784367 a composite number?
True
Is 22458867 a composite number?
True
Is 293612911 a composite number?
False
Is 63804871 composite?
True
Is 110771891 a prime number?
True
Is 5906559 a prime number?
False
Is 1366763883 prime?
False
Is 856469 a composite number?
False
Is 34945697 a prime number?
False
Is 45811411 composite?
True
Is 11659067 a composite number?
True
Is 375170813 a prime number?
True
Is 3390997 a prime number?
False
Is 4928311 prime?
False
Is 945005927 prime?
True
Is 25215043 a composite number?
True
Is 93736549 a prime number?
True
Is 4492583 a composite number?
True
Is 497611 a prime number?
False
Is 459253721 a prime number?
False
Is 9808091 prime?
True
Is 37204053 a composite number?
True
Is 421957 prime?
False
Is 252219809 a prime number?
False
Is 14437193 a prime number?
True
Is 2753221 prime?
True
Is 570611 a prime number?
False
Is 154638241 prime?
False
Is 36554933 composite?
False
Is 2244227 composite?
False
Is 5633219 a prime number?
True
Is 475796609 prime?
True
Is 88103803 prime?
False
Is 92667461 prime?
True
Is 145897 composite?
False
Is 6433441 composite?
True
Is 1480099 a composite number?
False
Is 8485579 composite?
False
Is 3237097 a prime number?
True
Is 17816543 a composite number?
False
Is 268467341 a prime number?
False
Is 4727939 a prime number?
True
Is 45307 composite?
False
Is 183872461 prime?
False
Is 254104141 composite?
True
Is 601261889 prime?
False
Is 334899151 prime?
True
Is 65870755 a prime number?
False
Is 69651461 composite?
True
Is 259099 a prime number?
True
Is 363659957 prime?
True
Is 189063839 a composite number?
True
Is 43887849 a prime number?
False
Is 2201681 composite?
False
Is 43186463 prime?
False
Is 989579 a prime number?
True
Is 13484351 a composite number?
True
Is 1383083 a composite number?
True
Is 7582759 a composite number?
True
Is 100883561 prime?
True
Is 3482931 a prime number?
False
Is 800963 prime?
False
Is 66003143 a composite number?
False
Is 347030567 prime?
False
Is 455201 prime?
True
Is 6746503 a composite number?
False
Is 4804843 a prime number?
False
Is 100441231 prime?
False
Is 6954083 prime?
True
Is 225165113 prime?
True
Is 54343631 composite?
False
Is 9577973 composite?
False
Is 782611 a prime number?
True
Is 2277349 a prime number?
True
Is 8638321 composite?
True
Is 11872555 a composite number?
True
Is 3769309 a prime number?
False
Is 7324303 composite?
True
Is 13605051 composite?
True
Is 527798 a prime number?
False
Is 8274761 a prime number?
False
Is 50647 a prime number?
True
Is 138832633 a prime number?
True
Is 690233 prime?
True
Is 2027087 a composite number?
False
Is 2812421 a composite number?
False
Is 2550437 composite?
False
Is 6214262 prime?
False
Is 135670687 a composite number?
False
Is 297282427 a prime number?
False
Is 1592923 composite?
False
Is 10614641 a composite number?
False
Is 229112447 composite?
False
Is 87687517 a prime number?
False
Is 67083937 a composite number?
False
Is 180563 a composite number?
False
Is 322127153 a composite number?
True
Is 34498859 composite?
False
Is 10745477 composite?
False
Is 223764209 prime?
True
Is 13500087 a composite number?
True
Is 1760203 a prime number?
True
Is 2715161 prime?
True
Is 22868591 a prime number?
True
Is 720059 a prime number?
True
Is 16752359 a composite number?
True
Is 3830669 composite?
False
Is 48133639 a composite number?
False
Is 179139027 a prime number?
False
Is 43679 a prime number?
False
Is 2637641 a prime number?
False
Is 163362559 prime?
True
Is 7472797 a prime number?
False
Is 1601359 prime?
True
Is 413207 composite?
False
Is 499267 a composite number?
False
Is 4374263 prime?
False
Is 222750727 prime?
False
Is 45464119 a prime number?
False
Is 9238621 composite?
True
Is 20264551 prime?
True
Is 175425739 composite?
False
Is 634679 a prime number?
True
Is 754320109 composite?
False
Is 15585793 prime?
True
Is 897779 composite?
False
Is 7290821 composite?
False
Is 172223963 a prime number?
True
Is 81933571 a prime number?
True
Is 70800383 a prime number?
True
Is 45144257 composite?
False
Is 4429031 composite?
False
Is 428222967 prime?
False
Is 11311565 prime?
False
Is 37811105 composite?
True
Is 135119629 composite?
False
Is 2196242 a prime number?
False
Is 1715587 a prime number?
False
Is 1772777 a composite number?
True
Is 63163729 a prime number?
True
Is 15757087 prime?
False
Is 233599183 prime?
False
Is 4494839 a prime number?
True
Is 148279 prime?
True
Is 71286557 prime?
True
Is 81386651 a prime number?
True
Is 4229674 prime?
False
Is 250038301 composite?
False
Is 64942891 composite?
True
Is 31898941 a composite number?
False
Is 50480431 prime?
False
Is 32135855 composite?
True
Is 348416267 a composite number?
False
Is 701115697 prime?
False
Is 34616237 prime?
True
Is 1133791 a composite number?
True
Is 134427533 composite?
True
Is 48436253 prime?
True
Is 205482883 a prime number?
True
Is 11443697 composite?
False
Is 1526751491 composite?
False
Is 582601 composite?
False
Is 1702919 prime?
False
Is 2757511 prime?
False
Is 4485409 composite?
False
Is 48128987 a composite number?
True
Is 23436691 a composite number?
True
Is 3480101 a prime number?
True
Is 7352963 a composite number?
False
Is 258490173 a composite number?
True
Is 9120193 composite?
False
Is 54330901 prime?
True
Is 39511673 a composite number?
False
Is 5236337 a composite number?
True
Is 34405259 composite?
True
Is 42128561 a composite number?
True
Is 344703487 prime?
True
Is 13812842 a prime number?
False
Is 2131789 composite?
True
Is 4222387 prime?
False
Is 4166207 a composite number?
True
Is 41814557 a prime number?
True
Is 10421997 a prime number?
False
Is 3678949 a prime number?
True
Is 56112079 a composite number?
False
Is 3008687 prime?
False
Is 665957 a composite number?
True
Is 81128407 a composite number?
False
Is 15296251 composite?
False
Is 22620901 a prime number?
True
Is 267160079 a prime number?
False
Is 1688002 a prime number?
False
Is 6522823 composite?
True
Is 3372337 a prime number?
False
Is 1225867 prime?
False
Is 2212853 a composite number?
True
Is 255027241 a composite number?
True
Is 24416031 a prime number?
False
Is 242246374 a prime number?
False
Is 55155629 prime?
True
Is 9136349 prime?
True
Is 3709603 a composite number?
True
Is 7219793 a prime number?
False
Is 19334671 a prime number?
True
Is 119664761 composite?
False
Is 51960026 composite?
True
Is 1980847 prime?
False
Is 8011477 composite?
False
Is 10158377 prime?
False
Is 315304243 a prime number?
True
Is 40667 composite?
True
Is 297091 a prime number?
False
Is 255313 a prime number?
True
Is 106267963 a prime number?
False
Is 46437835 prime?
False
Is 5434991 a composite number?
True
Is 3865557 a prime number?
False
Is 3516089 a composite number?
False
Is 6980417 prime?
True
Is 45657511 a composite number?
False
Is 357031 composite?
False
Is 57415939 composite?
True
Is 468634 prime?
False
Is 23524601 a composite number?
True
Is 31686451 composite?
False
Is 5693333 composite?
False
Is 3943993 a composite number?
False
Is 13879967 a prime number?
True
Is 229855499 composite?
False
Is 90761479 a composite number?
True
Is 156487 a composite number?
False
Is 1963069 a composite number?
True
Is 16776017 a prime number?
False
Is 172588847 composite?
False
Is 1379353 composite?
False
Is 26635655 composite?
True
Is 226181 composite?
True
